 = l. Is r a composite number?
True
Let j(x) = x**3 + x**2 - 2*x - 2. Let r be j(-2). Let h(v) be the first derivative of 7*v**3 + v**2 - v - 6. Is h(r) a composite number?
False
Let q(r) = -r**3 - r**2 + r + 5. Let n be q(0). Let c be (34/n)/(2/10). Suppose 5*f = 36 + c. Is f prime?
False
Suppose t + 2 = -t, -2*z - 4*t = -442. Is z a composite number?
False
Suppose -17 = -0*h - h + 5*r, 4*r = -h + 53. Is h a prime number?
True
Let z(n) = n**2 - 10*n + 12. Suppose -15 = 5*c - r, c + 10 = -2*r - 4. Let a(h) = -h**3 - 2*h**2 + 5*h - 3. Let v be a(c). Is z(v) a prime number?
True
Suppose 4*q + 7 = 5*j, 4 = -2*j + 2*q + 3*q. Let z(w) = -2*w - j*w**2 + 0 + 2 - w**3 + 11*w**2. Is z(7) prime?
True
Let x be 40/5*(-1)/(-2). Suppose t - s + 2*s - 63 = 0, -t + x*s = -43. Is t prime?
True
Suppose -9 = -3*i + 2*s, 5*i + 5 = 4*s + 20. Suppose 0 = -i*k - 0*k + 57. Is k prime?
True
Let a = 65 - -400. Suppose -5*q + 170 = -a. Is q a composite number?
False
Suppose n + 2*n = 333. Is n a prime number?
False
Suppose -l + 1 - 2 = -z, -9 = -z - l. Suppose -52 = -z*r + 658. Is r a prime number?
False
Let v be ((-2)/2)/(-1) - 0. Let n be v*-2*(-9)/(-3). Let j(d) = -d**3 - 4*d**2 + 8*d + 7. Is j(n) composite?
False
Suppose 0 = -4*o - 5488 + 15196. Is o composite?
True
Let f(w) = -3*w**2 - 13*w - 11. Let g(n) = -5*n**2 - 19*n - 16. Let u(z) = 7*f(z) - 5*g(z). Is u(4) prime?
True
Is (17/(-5))/(1/(-185)) a prime number?
False
Let a(w) = -3*w + 1. Let h be a(-6). Suppose -834 = -5*b - h. Is b a prime number?
True
Suppose -36 = -6*y + 4*y. Is 10/(-45) - (-1174)/y composite?
True
Suppose -4*k + k + 12 = 0. Let v = 10 - k. Suppose -v*z + 76 = -2*z. Is z composite?
False
Let s(d) = -d**3 - 5*d**2 - 8*d - 5. Is s(-6) a composite number?
False
Suppose -4*t = g - 497, -4*t + 2*g - 5*g + 499 = 0. Suppose 3*q = 257 + t. Is q a composite number?
False
Suppose 4*a + 3 = 67. Suppose 3*o - n - 7 = -3, -o - 4*n - a = 0. Suppose -5*f + 370 = 5*h, 5*h + o*h = 15. Is f a prime number?
True
Let l be (-2)/(-8) - (-558)/8. Let t be l*1 + 10/(-5). Suppose 0 = 5*c - t - 47. Is c a prime number?
True
Let b = 891 - 502. Is b a prime number?
True
Let z be (13 - -1)*(1 - 0). Let r = -21 - -13. Let n = r + z. Is n a prime number?
False
Let v(c) = -5*c + 3*c**3 - 3*c**3 - c**3 + 6*c**2 - 6. Let o be v(5). Is o*(1 + 7/(-2)) composite?
True
Let x(j) = -2*j**2 + 5*j + 6. Let k be x(5). Suppose l = 5*l - 112. Let w = k + l. Is w a composite number?
True
Let b be (-127)/6 - (-4)/24. Is 6/b + (-1647)/(-7) a prime number?
False
Let f = 9794 - 6795. Is f a prime number?
True
Let x = -22 + 27. Suppose m + 2*t - 21 = 0, -m - 3*m = x*t - 99. Is m composite?
False
Suppose -2*c = -4*h - 738, -5*h = -0*c - 5*c + 1865. Is c prime?
False
Suppose -2*t + 915 = t. Is t a prime number?
False
Suppose -6*y = -y + 65. Let n = -6 - y. Is n a prime number?
True
Let s(j) = -229*j + 6. Is s(-5) prime?
True
Suppose -2*d + 5 = -2*n + 7*n, 2*d + 22 = 4*n. Suppose 1356 = 4*s - 2*l, -n*l + 1673 = 5*s - 0*s. Is s a composite number?
False
Let w = 13 + -29. Is -142*(-4)/w*-2 prime?
True
Suppose 12 = 2*b - 5*b. Let c = b - -8. Is (1*113)/(5 - c) prime?
True
Let w = 115 + -64. Is w a prime number?
False
Suppose -11 - 153 = -4*j. Suppose j = r - 2. Is r a composite number?
False
Is (5/5)/((-2)/(-38)) prime?
True
Is (4/2)/((-6904)/(-1724) - 4) a composite number?
False
Let t(u) = 5*u**2 + 3*u - 1. Let n be t(-4). Suppose -g + 0*p + p + n = 0, -p = 0. Is g composite?
False
Suppose -5*w - 44 + 737 = 2*a, a + 681 = 5*w. Suppose 196 + w = 3*t. Is ((-1)/3)/((-1)/t) composite?
False
Suppose -937 = -2*p - 207. Is p a prime number?
False
Let o = -24 + 44. Suppose q + 12 = 4*z + 2*q, -4*z - 3*q + o = 0. Suppose -2*w - z*w = -5*j - 859, w + 5*j = 196. Is w a prime number?
True
Is (-9)/(-12)*(-3436)/6*-2 a prime number?
True
Suppose 0*x + 2*x = -18. Let d be 411/(-6) - x/6. Let a = d - -120. Is a a prime number?
True
Suppose -2*w - 20 = -7*w. Let o be 3/(-2)*(-170)/15. Suppose w*f = 0, f + o + 2 = j. Is j a composite number?
False
Let l = 12 - 7. Suppose 47 = l*d - 378. Is d composite?
True
Let q = 567 - 85. Is q prime?
False
Let d(w) = -w - 2. Let m be d(-5). Suppose 5*z - 180 = -2*r - m*r, -2*z + r = -75. Is z prime?
True
Suppose -4*f + 5*o = -27, 0*f - o = -f + 6. Suppose 3*y - 992 = -5*p - 203, 4*p - f*y = 642. Is p prime?
False
Let y(q) = 48*q**2 - 2*q. Let o be y(2). Let g = -115 + o. Suppose 3*b - g = 20. Is b prime?
True
Let m(l) = 2*l**2 + 9*l - 1. Let b be m(-4). Is -51*b/(45/21) a prime number?
False
Let v = 2202 - 906. Suppose -9*a + 10*a + 7 = 0. Is (-2)/a + v/21 composite?
True
Let x(v) = 113*v. Let g be 0/1 - 2/(-2). Is x(g) prime?
True
Let d(q) = q - 11. Let z be d(8). Is (-72)/(-10) - z/(-15) composite?
False
Let z(q) = -7*q - 7. Let k be (-10)/4 + 7/(-14). Is z(k) a composite number?
True
Suppose b + 4*b + 55 = 0. Let z(y) = y + 10. Let d be z(b). Let o(g) = -46*g + 1. Is o(d) prime?
True
Let o = 185 + -108. Is o a prime number?
False
Let h(b) = -b**2 - 12*b + 8. Let x(z) = -5*z**2 - 60*z + 40. Let a(q) = 11*h(q) - 2*x(q). Let v be a(-11). Let p = 30 - v. Is p a composite number?
False
Suppose 0 = 3*f + f. Suppose 5*v - 3*c - 1310 = f, -3*v + 284 = -2*v - 5*c. Is v composite?
True
Let d be (1/2)/((-2)/24). Let a(z) = 17*z**2 + 6*z + 7. Is a(d) a composite number?
True
Let o(l) = 4*l**2 - l + 7. Let c(d) = d + 1. Let h(q) = -2*c(q) + o(q). Is h(6) a prime number?
True
Suppose 0 = 3*h - 3*m + 126, 5*h + 4*m = h - 192. Let k(t) = 69*t**2 - t. Let x be k(-1). Let g = h + x. Is g a composite number?
True
Suppose 5*u + 2*y + y = -965, 2*u = y - 397. Let s = u + 831. Is s prime?
False
Suppose 7 = -5*k - 3. Let n(g) = -16*g + 1. Is n(k) a prime number?
False
Let n = -5 + 8. Let p = -4 + n. Let b = 2 - p. Is b prime?
True
Let r(i) = -4*i**2 - 2*i - 1. Let f(u) = 12*u**2 + 6*u + 4. Let w(l) = l**3 - 5*l**2 - 6*l + 4. Let c be w(6). Let k(s) = c*f(s) + 11*r(s). Is k(5) prime?
False
Is 2/2 - (-121 + 9) a prime number?
True
Suppose g - 45 = -4*g. Suppose -4*y - g = -3*y. Is -1 + (-3)/(y/240) composite?
False
Let f(g) = g + 8. Let b be f(-6). Suppose a - b = 4*s - 67, 5*s + 2*a - 65 = 0. Is s composite?
True
Suppose i - 5*i = -13040. Suppose -i = -3*g - g. Suppose -a = 4*n - g, -a + 5*a = -3*n + 621. Is n prime?
False
Let a = 17 + -9. Let b = a - 7. Is (19 - (b - 0)) + 1 composite?
False
Let y be (5 - 3)*(-14)/(-4). Let l = y + -33. Let c = l - -95. Is c composite?
True
Suppose -4*m + n + 618 = 101, -514 = -4*m - 2*n. Is m composite?
True
Suppose h - 2481 = 2*c, 2*h + 0*h + 5*c - 4926 = 0. Is h a composite number?
False
Suppose 7*x - 367 = 1488. Is x a composite number?
True
Let n be 1 - 2 - 9/(-3). Suppose n*b + 5*j + 4 = 3*b, -3*b - 3*j = -84. Suppose -58 = -3*u - 4*y, 2*u - 5*y - b - 30 = 0. Is u composite?
True
Suppose 3*j - 5*j = w, 2*j = 3*w. Suppose 2*u + 2*n - 66 = j, 4*n = 3*u - n - 115. Is u a prime number?
False
Suppose -2*p + 0*p = -10. Suppose -p*k = -2 - 3. Let b(h) = 15*h**3 - 2*h**2 + 1. Is b(k) a composite number?
True
Let f(v) = v**2 - 5*v + 8. Let h(b) = -b**2 - 11*b - 11. Let n be h(-9). Is f(n) composite?
True
Let r(o) = o**2 - o + 5. Let m be r(-5). Suppose 2*z + 35 = 4*v - z, 3*z = 5*v - 40. Suppose -v*p = -40 - m. Is p composite?
True
Let z(a) = 7*a**2 - 6*a - 8. Is z(7) composite?
False
Suppose 5*t = 947 + 16778. Is t a composite number?
True
Suppose -4*p + 124 = -n, 0 = 4*n + 5 + 11. Suppose g + 2*f = -4, 2*f + 2 = -6. Suppose -p = -g*i + i. Is i a composite number?
True
Let m(s) = -82*s - 1. Is m(-2) prime?
True
Is 4/10 - (-1486)/10 composite?
False
Suppose -4*j - b + 5*b + 640 = 0, -5*j + 2*b = -803. Is j a composite number?
True
Let y be (145/10)/((-2)/(-4)). Let k = 64 - y. Is k prime?
False
Suppose 0 = r + 4*p - 50 - 359, 0 = 4*r + p - 1561. Is r prime?
True
Let p = 1 + -2. Let j be 30*(-1)/p - 1. Let s = -16 + j. Is s prime?
True
Let u be 1 - (2 + (1 - 0)). Is 6 + 39 - u/1 a prime number?
True
Suppose 2*x + 4*c = 1394, -c + 1481 = 3*x - 605. Suppose -x = -2*m - 193. Is m a prime number?
True
Let a(r) = -r**2 + 3. Let h be a(0). Suppose -d = -h*d + 38. Is d prime?
True
Let q(a) = -57*a - 36. Is q(-11) a prime number?
False
Suppose 4*u = 2*u + 30. Is u a prime number?
False
Let y = -335 - -622. Is y a composi